d f?
3
Let b(h) = -2*h + 9. Let s be b(3). Suppose -s*q + q = -6. Suppose 5*p = -x + 335, -4*p - q*x = x - 284. What is the greatest common divisor of 44 and p?
22
Let a be (-2)/6 - (5/3)/1. Let p = 2 + 0. Let t be a + (p - -1) - -11. Calculate the highest common factor of 12 and t.
12
Let c(f) = -f**3 + 5*f**2 + 36*f + 34. Let n be c(9). What is the greatest common divisor of 238 and n?
34
Suppose 0 = 27*i + 4*i - 186. Calculate the greatest common factor of i and 94.
2
Let x be 212/6 + 2/9*3. Suppose -5*c + 5*y - y = -44, y = 4. Calculate the highest common factor of c and x.
12
Suppose 4*j - 64 + 36 = 0. Let i be 2 - 1 - -4*4. Let m = i - 10. What is the greatest common factor of m and j?
7
Let d be 32/(-12) + 3 + (-1)/3. Suppose 0 = 3*z - d*z - 5*a - 290, 2*a - 220 = -2*z. What is the greatest common divisor of z and 21?
21
Suppose -4*q = -q. Suppose q = 5*u + 20, -3*c - 4*u + 7 = -37. Let a be 7 + 889/(-126) - (-4323)/54. Calculate the greatest common factor of c and a.
20
Let v = -261 + 390. Calculate the highest common divisor of 1032 and v.
129
Let y be (2/(-3))/((-6)/9). Suppose -62 + 2 = 6*t. Let i(r) = -r - 2. Let z be i(t). What is the highest common factor of z and y?
1
Suppose -4*x = -6*x + 108. Let d(b) = -12*b - 63. Let t be d(-12). What is the highest common divisor of t and x?
27
Let t = 337 - 166. Let v(w) = -w**2 - 17*w - 13. Let f be v(-16). Suppose 0 = 2*c - 8, -f*i + 61 = -0*c + c. What is the greatest common divisor of t and i?
19
Let p(q) = 8*q**3 - 7*q**2 - q + 3. Let t be p(3). What is the greatest common factor of 187 and t?
17
Let f = 101 + -92. Calculate the highest common divisor of f and 207.
9
Let v be 3/(-6)*110/(-1). Let g(n) = -3*n**2 + 18*n - 9. Let l be g(4). Let x = v - l. What is the highest common factor of x and 10?
10
Let m = -895 + 1495. Suppose -2*x - n - m = -5*x, 4*n + 800 = 4*x. What is the highest common divisor of x and 25?
25
Let j(o) = 4*o**2 - 3*o + 2. Let r be j(-5). Let l = 275 - 197. What is the highest common factor of l and r?
39
Suppose 0 = 9*n - 11*n + 78. Let v = n - 15. Let t(d) = -3*d - 3. Let r be t(-2). Calculate the greatest common divisor of v and r.
3
Suppose -36 = -2*x + 2*a, 2*x - 14 = -2*a + 34. What is the highest common factor of x and 93?
3
Let a(m) = m**3 - 8*m**2 + 7*m + 2. Let d be a(7). Let v be 10 - (d + 8/(-4)). Let w be 556/14 - v/(-35). Calculate the greatest common divisor of 8 and w.
8
Let m(l) = -5 + 0*l**3 + 4*l**3 + 4*l**2 - 7*l + 2*l**3 - 5*l**3. Let z be m(-4). Calculate the greatest common factor of z and 161.
23
Suppose 103*u - 109*u = -1824. What is the highest common divisor of u and 95?
19
Let g = 16 + -15. Let t(d) = -39*d - 1. Let a be t(g). Let o be (-3 - (-26)/10)*a. Calculate the highest common factor of 48 and o.
16
Suppose 7 = -3*p + 16. Suppose 542 = 5*a - 2*u, 0 - 12 = -p*u. What is the highest common factor of a and 10?
10
Suppose -t - 24 = -3*g - 23, 5 = g. Calculate the highest common factor of t and 119.
7
Let v = -16 + 16. Suppose -3*s + 8*s = 5*c + 115, v = -3*s - 4*c + 62. What is the highest common factor of 2 and s?
2
Suppose 90 = 44*m - 2374. What is the greatest common factor of 72 and m?
8
Suppose -17 = v - 4*v - 4*y, -y = -v + 1. Suppose v*p - 12 = 63. Calculate the greatest common factor of 275 and p.
25
Let h = -88 - -238. Suppose -2*d + 5*j = 3*d + h, 4*j = 3*d + 90. Let g be 210/4*(-40)/d. Calculate the greatest common divisor of 14 and g.
14
Suppose 0 = -79*h + 19*h + 102600. What is the greatest common factor of 30 and h?
30
Let l(o) = -2*o - 6. Suppose h + 8 = -2*y + y, 2*h - 4 = 2*y. Let x be l(y). Suppose u - x*u = -30. What is the greatest common factor of u and 80?
10
Let o be (95/(3 - 8))/(-1). Calculate the greatest common factor of 152 and o.
19
Let k be 6/(-33) - 5/(165/(-6)). Suppose 13*v - 8*v - 65 = k. What is the highest common divisor of v and 13?
13
Let a be 16/48*24*2. What is the highest common factor of a and 80?
16
Let u(t) = -2*t + 13. Let b be u(-6). Suppose 2*n - b = -3*r + 23, 2*r - 19 = 3*n. What is the highest common factor of 56 and r?
14
Suppose -9*x + 178 = 16. What is the highest common factor of 333 and x?
9
Let y(o) = 2*o**2 + 22*o - 102. Let n be y(-15). Calculate the greatest common divisor of n and 288.
18
Let z(n) = 131*n - 430. Let t be z(14). What is the highest common factor of t and 13?
13
Let i = -37 + 29. Let c be 297/(1 - 4/i). Calculate the greatest common factor of c and 18.
18
Suppose 39*l = -6*l + 7245. Calculate the highest common factor of 506 and l.
23
Let r(h) be the second derivative of h**3/6 + 9*h**2/2 - h. Let a = 380 + -387. Let o be r(a). What is the greatest common divisor of 4 and o?
2
Let x(m) = m**3 - 5*m**2 + 5*m + 1. Let s be x(5). Let q be ((-39)/2)/(336/(-1120)). Calculate the highest common divisor of s and q.
13
Let p = 575 + -551. Calculate the greatest common factor of p and 54.
6
Suppose -10*f + 9*f - 713 = 0. Let g = -317 - f. What is the highest common divisor of 36 and g?
36
Suppose -5*s = -5*t, -2*s + 16 = 3*t + 6. Let p be -4 + (s - (-2)/1). Let c be p + 61 - (-20)/10. What is the highest common divisor of 21 and c?
21
Suppose -4*k - 2*s + 50 = 0, 2*k - 10 = -5*s + 3. Calculate the greatest common divisor of 1414 and k.
14
Let f(s) = 18*s**2 - 74*s - 14. Let a be f(8). Calculate the greatest common divisor of a and 84.
42
Let q be -9 - -6 - (-11 + 3 + -3). Let c = 8 - -16. Calculate the greatest common factor of q and c.
8
Let n = -25 - -43. Let v = 38 - n. Let d = v - 15. Calculate the greatest common divisor of d and 1.
1
Let g(z) = z**3 - 29*z**2 + z + 6. Suppose 0 = -5*l - 4*m + 161, -4*l + 158 = 2*m + 34. Let w be g(l). What is the greatest common factor of 105 and w?
35
Let h(c) = -c**3 - c**2 + c + 16. Let y be h(0). Let j = -208 - -256. What is the highest common factor of j and y?
16
Let z be -3 + -1*(1 - 4). Suppose -3*d - b = -d - 179, -b + 3 = z. Let w = -11 + 22. Calculate the highest common divisor of w and d.
11
Suppose 2 = 5*g + 4*f - 26, -2*f = -4. Suppose l + 1164 = 1196. Calculate the greatest common divisor of g and l.
4
Let u(j) = 6*j**2 - 4*j + 7. Suppose 0 = 3*o - o + 2*a + 4, 3*o = a - 26. Let r be ((-28)/8)/o*6. Let i be u(r). What is the highest common factor of i and 7?
7
Suppose 0 = -5*q + 35 + 10. Let u(h) = h**2 + 6*h + 3. Let l be u(-7). Suppose 4*y = 118 - l. Calculate the greatest common factor of q and y.
9
Let m = -103 - -768. What is the greatest common divisor of m and 35?
35
Suppose -3*q + 816 = 5*v, 6*q - 2*q - 1088 = -3*v. Let f be q/24 + (-1)/3. Calculate the greatest common factor of f and 11.
11
Let a(r) = r - 9. Let k be a(-9). Let l be 2 + -2 - k - 4. Calculate the greatest common divisor of l and 14.
14
Let s be (-11 - -10) + -5 - -106. Let o = -11 - -21. What is the highest common factor of s and o?
10
Let w = 608 + -520. Calculate the highest common divisor of 8 and w.
8
Suppose -5*r + 285 = -0*r. Let i = 121 - r. What is the highest common divisor of 8 and i?
8
Let i be (-302)/(-5) + (-22)/55. Calculate the greatest common factor of i and 150.
30
Let a(d) = -2*d + 1 - 7*d**2 - 2*d + 3 + d**3. Let l(p) = 2*p - 10. Let g be l(9). Let c be a(g). What is the highest common factor of 12 and c?
12
Let x(r) be the first derivative of r**4/4 - 22*r**3/3 + r**2 - 15*r + 24. Let h be x(22). Calculate the greatest common factor of 29 and h.
29
Let g be (-1)/(-2)*(-1 - -35). Let r(b) = -260*b + 549. Let i be r(1). Calculate the greatest common factor of i and g.
17
Let i(x) = x**3 + 5*x**2 - 2*x - 4. Let l be i(-7). Let u be ((-5)/1)/(11/l). Calculate the greatest common factor of 120 and u.
40
Let m be 3 - (-26)/(-8) - 4624/(-64). What is the greatest common divisor of 612 and m?
36
Suppose 2*y - 5*r - 7 = 0, -r = -4*y - 2 + 43. Calculate the greatest common factor of 209 and y.
11
Let z be (0 - -15) + 0 - -1. Suppose 0 = 31*w - 34*w + 432. Calculate the greatest common divisor of w and z.
16
Suppose 0*f + 9*f = 432. Suppose 3*t + 74 = 5*a, -2 = -2*t + t. Calculate the highest common divisor of a and f.
16
Suppose 59 = w - 156. Let q = 340 - w. What is the highest common divisor of 25 and q?
25
Let s(x) = 34*x + 180. Let a be s(-3). What is the greatest common factor of a and 975?
39
Suppose 0 = -4*m - 8, -5*